 thousands digit of 693301766?
0
What is the hundred thousands digit of 9113136?
1
What is the ten thousands digit of 7099204004?
0
What is the units digit of 776892106?
6
What is the billions digit of 8279815107?
8
What is the hundreds digit of 881632930?
9
What is the units digit of 900986718?
8
What is the hundred millions digit of 317975488?
3
What is the thousands digit of 93715929?
5
What is the ten millions digit of 2477241096?
7
What is the millions digit of 28319603?
8
What is the millions digit of 148225640?
8
What is the millions digit of 743627180?
3
What is the hundred thousands digit of 1184615578?
6
What is the millions digit of 3411668613?
1
What is the units digit of 191296509?
9
What is the millions digit of 1883049197?
3
What is the hundreds digit of 88909492?
4
What is the units digit of 190277816?
6
What is the units digit of 193225874?
4
What is the ten thousands digit of 541012237?
1
What is the hundred millions digit of 218097648?
2
What is the hundred thousands digit of 1389635573?
6
What is the units digit of 353227658?
8
What is the tens digit of 458314029?
2
What is the tens digit of 24912872?
7
What is the units digit of 99074881?
1
What is the units digit of 1758927215?
5
What is the hundreds digit of 2930919469?
4
What is the thousands digit of 3614512544?
2
What is the tens digit of 4754181936?
3
What is the hundred millions digit of 135315916?
1
What is the ten millions digit of 339530633?
3
What is the millions digit of 98975014?
8
What is the ten thousands digit of 41037468?
3
What is the thousands digit of 19503264?
3
What is the hundred millions digit of 238629035?
2
What is the ten millions digit of 228164130?
2
What is the units digit of 72746680?
0
What is the tens digit of 16953726?
2
What is the ten thousands digit of 362519092?
1
What is the hundred thousands digit of 311423054?
4
What is the ten thousands digit of 48012270?
1
What is the ten thousands digit of 935415616?
1
What is the hundred thousands digit of 292347782?
3
What is the ten millions digit of 1583145600?
8
What is the hundred thousands digit of 6513622?
5
What is the hundreds digit of 7303552?
5
What is the hundred thousands digit of 5086624439?
6
What is the units digit of 5513939878?
8
What is the ten millions digit of 1086724391?
8
What is the hundred millions digit of 783646331?
7
What is the hundreds digit of 1727538475?
4
What is the thousands digit of 63222676?
2
What is the hundred thousands digit of 163732584?
7
What is the hundreds digit of 338026524?
5
What is the hundred millions digit of 214416948?
2
What is the hundred thousands digit of 64658364?
6
What is the hundreds digit of 151239012?
0
What is the billions digit of 2857867271?
2
What is the units digit of 180586941?
1
What is the millions digit of 774073777?
4
What is the ten millions digit of 94719129?
9
What is the ten thousands digit of 3273548280?
4
What is the thousands digit of 31129070?
9
What is the ten thousands digit of 81768867?
6
What is the ten millions digit of 386950754?
8
What is the hundreds digit of 9054464?
4
What is the hundreds digit of 155871321?
3
What is the thousands digit of 472188807?
8
What is the ten millions digit of 4536036922?
3
What is the ten thousands digit of 1343100520?
0
What is the tens digit of 469253539?
3
What is the thousands digit of 54114455?
4
What is the ten millions digit of 77054988?
7
What is the hundred millions digit of 1125685047?
1
What is the units digit of 303645237?
7
What is the tens digit of 1993211660?
6
What is the millions digit of 61025854?
1
What is the hundreds digit of 8630408?
4
What is the hundred millions digit of 1045071835?
0
What is the units digit of 1707955695?
5
What is the tens digit of 45154770?
7
What is the ten thousands digit of 443762725?
6
What is the thousands digit of 215788425?
8
What is the billions digit of 2047157538?
2
What is the hundred thousands digit of 61834426?
8
What is the ten thousands digit of 387877732?
7
What is the tens digit of 558763715?
1
What is the thousands digit of 49182520?
2
What is the ten thousands digit of 809654682?
5
What is the millions digit of 1672422291?
2
What is the billions digit of 1674593879?
1
What is the tens digit of 2820294134?
3
What is the units digit of 246993475?
5
What is the hundreds digit of 179178162?
1
What is the hundreds digit of 76717820?
8
What is the units digit of 431042910?
0
What is the millions digit of 70777191?
0
What is the hundred millions digit of 3329627622?
3
What is the millions digit of 21226273?
1
What is the ten thousands digit of 97399355?
9
What is the units digit of 289675863?
3
What is the hundreds digit of 124509884?
8
What is the units digit of 1150592707?
7
What is the thousands digit of 657853118?
3
What is the tens digit of 1099584213?
1
What is the hundreds digit of 56331349?
3
What is the hundred thousands digit of 1792831312?
8
What is the tens digit of 32095461?
6
What is the tens digit of 114535693?
9
What is the billions digit of 2844675284?
2
What is the hundreds digit of 53331695?
6
What is the hundred thousands digit of 326364293?
3
What is the tens digit of 83668239?
3
What is the hundred thousands digit of 193705429?
7
What is the ten thousands digit of 7100014518?
1
What is the millions digit of 1510318709?
0
What is the units digit of 7501194?
4
What is the hundreds digit of 45918778?
7
What is the hundred millions digit of 447330700?
4
What is the units digit of 37335457?
7
What is the hundreds digit of 20402130?
1
What is the thousands digit of 126070385?
0
What is the millions digit of 167006594?
7
What is the tens digit of 742382700?
0
What is the hundreds digit of 837149?
1
What is the hundreds digit of 2789454788?
7
What is the ten millions digit of 42771926?
4
What is the hundred millions digit of 588824061?
5
What is the ten millions digit of 4470493011?
7
What is the tens digit of 18774761?
6
What is the tens digit of 888402793?
9
What is the units digit of 3209285158?
8
What is the units digit of 26175242?
2
What is the ten millions digit of 102556785?
0
What is the hundred millions digit of 1043011294?
0
What is the thousands digit of 351314217?
4
What is the hundred millions digit of 479274544?
4
What is the tens digit of 21631102?
0
What is the hundreds digit of 610108913?
9
What is the ten millions digit of 161608162?
6
What is the hundred millions digit of 4964056530?
9
What is the ten thousands digit of 2644827158?
2
What is the hundred thousands digit of 3662104659?
1
What is the hundred thousands digit of 2747366903?
3
What is the tens digit of 605284?
8
What is the thousands digit of 4567486?
7
What is the hundreds digit of 134914974?
9
What is the millions digit of 30509864?
0
What is the ten millions digit of 350710492?
5
What is the millions digit of 78506593?
8
What is the hundreds digit of 1080956111?
1
What is the ten thousands digit of 3229983845?
8
What is the hundreds digit of 3005908032?
0
What is the hundreds digit of 6370606487?
4
What is the tens digit of 930027335?
3
What is the ten thousands digit of 155869998?
6
What is the units digit of 43614278?
8
What is the thousands digit of 17413351?
3
What is the hundreds digit of 3023910329?
3
What is the tens digit of 1734489526?
2
What is the hundred thousands digit of 5557183743?
1
What is the units digit of 4031703111?
1
What is the ten thousands digit of 2947599926?
9
What is the ten millions digit of 507975007?
0
What is the ten millions digit of 275220343?
7
What is the ten millions digit of 259655773?
5
What is the hundreds digit of 1782175453?
4
What is the tens digit of 325357067?
6
What is the thousands digit of 693991349?
1
What is the ten millions digit of 375798388?
7
What is the tens digit of 560680773?
7
What is the units digit of 945756344?
4
What is the tens digit of 521716114?
1
What is the hundreds digit of 275163555?
5
What is the millions digit of 175720684?
5
What is the ten millions digit of 353824937?
5
What is the hundred thousands digit of 85107916?
1
What is the thousands digit of 2208520529?
0
What is the hundreds digit of 120423545?
5
What is the hundreds digit of 1064375603?
6
What is the hundred millions digit of 125157062?
1
What is the millions digit of 375378928?
5
What is 